t are the prime factors of 13586921?
53, 269, 953
What are the prime factors of 1123942880?
2, 5, 97, 139, 521
What are the prime factors of 596596402?
2, 17, 23, 683, 1117
List the prime factors of 1729132158.
2, 3, 13, 22168361
List the prime factors of 25443719.
7, 67, 54251
What are the prime factors of 164718470?
2, 5, 7, 2353121
What are the prime factors of 82531410?
2, 3, 5, 13, 211619
What are the prime factors of 1989394149?
3, 663131383
What are the prime factors of 4795219?
11, 13, 33533
List the prime factors of 44059325.
5, 17, 103669
List the prime factors of 1005310212.
2, 3, 83775851
What are the prime factors of 20755750?
2, 5, 83023
What are the prime factors of 3807232451?
11, 31464731
What are the prime factors of 335198328?
2, 3, 13966597
What are the prime factors of 35914255?
5, 13, 552527
What are the prime factors of 63103000?
2, 5, 63103
List the prime factors of 1265433460.
2, 5, 63271673
List the prime factors of 305094329.
4817, 63337
List the prime factors of 58736470.
2, 5, 13, 131, 3449
List the prime factors of 162359054.
2, 11, 13, 567689
What are the prime factors of 339067392?
2, 3, 220747
What are the prime factors of 1571423581?
7, 13, 271, 9103
List the prime factors of 646210638.
2, 3, 331, 108461
What are the prime factors of 5740492663?
17, 1039, 325001
What are the prime factors of 763976283?
3, 7, 36379823
List the prime factors of 57140992.
2, 223207
List the prime factors of 99742869.
3, 61, 97, 1873
List the prime factors of 124950975.
3, 5, 643, 2591
List the prime factors of 261175228.
2, 65293807
What are the prime factors of 128209408?
2, 250409
List the prime factors of 18671087.
271, 68897
What are the prime factors of 24874040?
2, 5, 19, 23, 1423
List the prime factors of 214756233.
3, 43, 149, 11173
List the prime factors of 771326895.
3, 5, 223, 293, 787
What are the prime factors of 4858198314?
2, 3, 809699719
List the prime factors of 4516056742.
2, 97, 1367, 17029
What are the prime factors of 758376157?
7, 11, 31, 317711
List the prime factors of 68657300.
2, 5, 23, 29851
List the prime factors of 4351013333.
4351013333
What are the prime factors of 52257471?
3, 7, 433, 821
List the prime factors of 628858701.
3, 739, 31517
List the prime factors of 274707561.
3, 23, 1627, 2447
What are the prime factors of 28152837?
3, 1291, 2423
List the prime factors of 47770692.
2, 3, 3980891
List the prime factors of 42425441.
139, 305219
List the prime factors of 78260075.
5, 3130403
List the prime factors of 171355660.
2, 5, 7, 71, 17239
What are the prime factors of 4343047490?
2, 5, 434304749
What are the prime factors of 36944537?
7, 37, 67, 2129
What are the prime factors of 5452195478?
2, 109, 25010071
List the prime factors of 1532173764.
2, 3, 11, 43, 269939
What are the prime factors of 64502416?
2, 11, 19, 19289
What are the prime factors of 289150924?
2, 72287731
What are the prime factors of 9687765?
3, 5, 645851
What are the prime factors of 2451172154?
2, 6599, 185723
List the prime factors of 1810797030.
2, 3, 5, 7, 2874281
What are the prime factors of 68924785?
5, 271, 50867
What are the prime factors of 639773565?
3, 5, 43, 313, 3169
What are the prime factors of 1745081127?
3, 17, 53, 12659
What are the prime factors of 3441216488?
2, 197, 227, 9619
What are the prime factors of 77947239?
3, 25982413
What are the prime factors of 149572886?
2, 6451, 11593
What are the prime factors of 527171039?
527171039
What are the prime factors of 142699779?
3, 5285177
What are the prime factors of 672650683?
137, 4909859
List the prime factors of 75824171.
31, 103, 23747
List the prime factors of 145521628.
2, 7, 41, 126761
What are the prime factors of 473185813?
227, 821, 2539
What are the prime factors of 1561764108?
2, 3, 130147009
What are the prime factors of 219140860?
2, 5, 31, 353453
List the prime factors of 153460359.
3, 13, 19, 23011
What are the prime factors of 455776171?
17, 1129, 23747
List the prime factors of 182409193.
397, 459469
What are the prime factors of 170032361?
170032361
List the prime factors of 2415870454.
2, 127, 887, 10723
List the prime factors of 5244260.
2, 5, 7, 47, 797
What are the prime factors of 93436099?
93436099
What are the prime factors of 36521661?
3, 11, 17, 65101
What are the prime factors of 3376333627?
137, 24644771
List the prime factors of 1638320.
2, 5, 20479
What are the prime factors of 1222174542?
2, 3, 433, 470429
List the prime factors of 15266287.
61, 250267
What are the prime factors of 3488596242?
2, 3, 581432707
List the prime factors of 46616572.
2, 29, 401867
List the prime factors of 636586373.
636586373
What are the prime factors of 20001388?
2, 11, 454577
What are the prime factors of 138469459?
138469459
What are the prime factors of 4811835102?
2, 3, 409, 1960813
List the prime factors of 12164871.
3, 4054957
What are the prime factors of 593832128?
2, 647, 14341
List the prime factors of 8544578.
2, 7, 610327
What are the prime factors of 294670683?
3, 47, 232207
List the prime factors of 3091779415.
5, 618355883
What are the prime factors of 123388057?
13, 17, 59, 9463
What are the prime factors of 1554376171?
1554376171
What are the prime factors of 2351001944?
2, 17, 1289, 13411
What are the prime factors of 1635073926?
2, 3, 272512321
List the prime factors of 696684285.
3, 5, 11, 37, 38039
What are the prime factors of 716498453?
11, 65136223
List the prime factors of 136056670.
2, 5, 73, 186379
What are the prime factors of 1391284038?
2, 3, 1201, 193073
What are the prime factors of 16332435?
3, 5, 7, 823
What are the prime factors of 3319846731?
3, 251, 307, 4787
List the prime factors of 1937056383.
3, 599, 119771
What are the prime factors of 502574517?
3, 18613871
List the prime factors of 3104930957.
179, 17345983
List the prime factors of 1867101565.
5, 7, 179, 298021
What are the prime factors of 1091865907?
11, 99260537
What are the prime factors of 980827297?
41, 23922617
What are the prime factors of 6695995553?
13, 515076581
List the prime factors of 51808322.
2, 3947, 6563
List the prime factors of 137786980.
2, 5, 2333, 2953
List the prime factors of 92414209.
92414209
List the prime factors of 12351190.
2, 5, 157, 7867
List the prime factors of 1175000675.
5, 37, 1270271
List the prime factors of 13335923.
13335923
List the prime factors of 799340505.
3, 5, 23, 307, 7547
What are the prime factors of 1063667020?
2, 5, 13, 1103, 3709
What are the prime factors of 70868190?
2, 3, 5, 2362273
List the prime factors of 76076209.
11, 19, 33091
What are the prime factors of 13286719?
19, 569, 1229
What are the prime factors of 3579511503?
3, 31, 38489371
List the prime factors of 484217476.
2, 121054369
List the prime factors of 6933389.
1579, 4391
List the prime factors of 34320071.
23, 1492177
List the prime factors of 206780662.
2, 11, 9399121
What are the prime factors of 21048874?
2, 7, 11, 103, 1327
List the prime factors of 200085319.
7, 677, 42221
What are the prime factors of 157519647?
3, 648229
List the prime factors of 8482848763.
8482848763
What are the prime factors of 314436429?
3, 59, 331, 1789
What are the prime factors of 1392146081?
239, 859, 6781
List the prime factors of 118182415.
5, 13, 151, 12041
What are the prime factors of 50295320?
2, 5, 373, 3371
List the prime factors of 484741097.
73, 6640289
List the prime factors of 29227499.
7, 229, 18233
List the prime factors of 905363100.
2, 3, 5, 1005959
What are the prime factors of 22941077?
22941077
List the prime factors of 27308321.
673, 40577
List the prime factors of 1282273278.
2, 3, 11, 13, 41, 36451
What are the prime factors of 2662407113?
23, 37, 701, 4463
What are the prime factors of 1122407829?
3, 1609, 77509
List the prime factors of 1894768078.
2, 7, 2621, 51637
What are the prime factors of 142897170?
2, 3, 5, 13, 43, 8521
List the prime factors of 223733140.
2, 5, 53, 83, 2543
What are the prime factors of 624512689?
631, 989719
What are the prime factors of 2477564221?
11, 29, 7766659
What are the prime factors of 1737399870?
2, 3, 5, 19304443
List the prime factors of 2492793765.
3, 5, 7, 11, 239807
List the prime factors of 376384902.
2, 3, 2437, 25741
List the prime factors of 6685586534.
2, 11, 47, 59, 109